{"id":443,"date":"2017-12-07T13:54:08","date_gmt":"2017-12-07T13:54:08","guid":{"rendered":"http:\/\/sonomedpaper.com\/?post_type=product&#038;p=443"},"modified":"2017-12-17T09:17:20","modified_gmt":"2017-12-17T09:17:20","slug":"papel-medico-milimetrado-sonomed","status":"publish","type":"product","link":"https:\/\/sonomedpaper.com\/?product=papel-medico-milimetrado-sonomed&lang=es","title":{"rendered":"Papel M\u00e9dico Milimetrado Sonomed"},"content":{"rendered":"<p class=\"p1\"><strong><span class=\"s1\">Ventajas<\/span><\/strong><\/p>\n<ul>\n<li>Troquelado limpio<\/li>\n<li>Buena adhesividad de tinta (sin residuos de tinta o manchas)<\/li>\n<li>Micro perforaciones para facilitar la separaci\u00f3n<\/li>\n<li>Espaciado preciso de l\u00edneas de divisi\u00f3n<\/li>\n<li>Papel original\/OEM codificado<\/li>\n<li>CE aprobado<\/li>\n<li>Marca Sonomed\/OEM<\/li>\n<li>Impresi\u00f3n oscura y v\u00edvida<\/li>\n<li>Durabilidad de la imagen: 5-25 a\u00f1os*<\/li>\n<li>Marca de sensor exacta<\/li>\n<li>Nombre de marca confiable con presencia global<\/li>\n<li>M\u00e1s de 150 tipos de papeles, compatibles para su uso en la mayor\u00eda de las mejores m\u00e1quinas de marca<\/li>\n<li>Papeles t\u00e9rmicos de grado premium<\/li>\n<li>Precisi\u00f3n exacta<\/li>\n<li>Calidad consistente y fiabilidad de suministros<\/li>\n<li>Almacenamiento listo y disponible<\/li>\n<li>Empaquetado en un ambiente sin polvo e higi\u00e9nico<\/li>\n<li>Empaquetado ordenado y seguro<\/li>\n<li>Papel sin BPA (Bisfenol A) disponible<\/li>\n<\/ul>\n<p><img loading=\"lazy\" decoding=\"async\" class=\"alignnone wp-image-322 size-full\" src=\"https:\/\/sonomedpaper.com\/wp-content\/uploads\/2017\/08\/paper-3.jpg\" alt=\"\" width=\"506\" height=\"337\" srcset=\"https:\/\/sonomedpaper.com\/wp-content\/uploads\/2017\/08\/paper-3.jpg 506w, https:\/\/sonomedpaper.com\/wp-content\/uploads\/2017\/08\/paper-3-300x200.jpg 300w\" sizes=\"(max-width: 506px) 100vw, 506px\" \/><\/p>\n<p>&nbsp;<\/p>\n","protected":false},"excerpt":{"rendered":"<p class=\"p1\"><span class=\"s1\">El papel milimetrado de registro SONOMED, papel ECG (electrocardiograma), papel CTG (cardiotocograf\u00eda), papel de monitoreo fetal y el papel m\u00e9dico milimetrado son preferidos por los m\u00e9dicos por su buena retenci\u00f3n de tinta, impresiones vividas e im\u00e1genes de larga duraci\u00f3n.<\/span><\/p>\n","protected":false},"featured_media":395,"comment_status":"closed","ping_status":"closed","template":"","meta":{"_monsterinsights_skip_tracking":false,"_monsterinsights_sitenote_active":false,"_monsterinsights_sitenote_note":"","_monsterinsights_sitenote_category":0},"yoast_head":"<!-- This site is optimized with the Yoast SEO plugin v14.2 - https:\/\/yoast.com\/wordpress\/plugins\/seo\/ -->\n<title>Papel M\u00e9dico Milimetrado Sonomed - Sonomed Paper<\/title>\n<meta name=\"robots\" content=\"index, follow\" \/>\n<meta name=\"googlebot\" content=\"index, follow, max-snippet:-1, max-image-preview:large, max-video-preview:-1\" \/>\n<meta name=\"bingbot\" content=\"index, follow, max-snippet:-1, max-image-preview:large, max-video-preview:-1\" \/>\n<link rel=\"canonical\" href=\"https:\/\/sonomedpaper.com\/?product=papel-medico-milimetrado-sonomed&#038;lang=es\" \/>\n<meta property=\"og:locale\" content=\"en_GB\" \/>\n<meta property=\"og:type\" content=\"article\" \/>\n<meta property=\"og:title\" content=\"Papel M\u00e9dico Milimetrado Sonomed - Sonomed Paper\" \/>\n<meta property=\"og:description\" content=\"El papel milimetrado de registro SONOMED, papel ECG (electrocardiograma), papel CTG (cardiotocograf\u00eda), papel de monitoreo fetal y el papel m\u00e9dico milimetrado son preferidos por los m\u00e9dicos por su buena retenci\u00f3n de tinta, impresiones vividas e im\u00e1genes de larga duraci\u00f3n.\" \/>\n<meta property=\"og:url\" content=\"https:\/\/sonomedpaper.com\/?product=papel-medico-milimetrado-sonomed&amp;lang=es\" \/>\n<meta property=\"og:site_name\" content=\"Sonomed Paper\" \/>\n<meta property=\"article:modified_time\" content=\"2017-12-17T09:17:20+00:00\" \/>\n<meta property=\"og:image\" content=\"https:\/\/sonomedpaper.com\/wp-content\/uploads\/2017\/08\/chart-paper-1.jpg\" \/>\n\t<meta property=\"og:image:width\" content=\"768\" \/>\n\t<meta property=\"og:image:height\" content=\"768\" \/>\n<meta name=\"twitter:card\" content=\"summary_large_image\" \/>\n<script type=\"application\/ld+json\" class=\"yoast-schema-graph\">{\"@context\":\"https:\/\/schema.org\",\"@graph\":[{\"@type\":\"WebSite\",\"@id\":\"https:\/\/sonomedpaper.com\/#website\",\"url\":\"https:\/\/sonomedpaper.com\/\",\"name\":\"Sonomed Paper\",\"description\":\"Tele-paper\",\"potentialAction\":[{\"@type\":\"SearchAction\",\"target\":\"https:\/\/sonomedpaper.com\/?s={search_term_string}\",\"query-input\":\"required name=search_term_string\"}],\"inLanguage\":\"en-GB\"},{\"@type\":\"ImageObject\",\"@id\":\"https:\/\/sonomedpaper.com\/?product=papel-medico-milimetrado-sonomed&lang=es#primaryimage\",\"inLanguage\":\"en-GB\",\"url\":\"https:\/\/sonomedpaper.com\/wp-content\/uploads\/2017\/08\/chart-paper-1.jpg\",\"width\":768,\"height\":768},{\"@type\":\"WebPage\",\"@id\":\"https:\/\/sonomedpaper.com\/?product=papel-medico-milimetrado-sonomed&lang=es#webpage\",\"url\":\"https:\/\/sonomedpaper.com\/?product=papel-medico-milimetrado-sonomed&lang=es\",\"name\":\"Papel M\\u00e9dico Milimetrado Sonomed - Sonomed Paper\",\"isPartOf\":{\"@id\":\"https:\/\/sonomedpaper.com\/#website\"},\"primaryImageOfPage\":{\"@id\":\"https:\/\/sonomedpaper.com\/?product=papel-medico-milimetrado-sonomed&lang=es#primaryimage\"},\"datePublished\":\"2017-12-07T13:54:08+00:00\",\"dateModified\":\"2017-12-17T09:17:20+00:00\",\"inLanguage\":\"en-GB\",\"potentialAction\":[{\"@type\":\"ReadAction\",\"target\":[\"https:\/\/sonomedpaper.com\/?product=papel-medico-milimetrado-sonomed&lang=es\"]}]}]}<\/script>\n<!-- \/ Yoast SEO plugin. -->","_links":{"self":[{"href":"https:\/\/sonomedpaper.com\/index.php?rest_route=\/wp\/v2\/product\/443"}],"collection":[{"href":"https:\/\/sonomedpaper.com\/index.php?rest_route=\/wp\/v2\/product"}],"about":[{"href":"https:\/\/sonomedpaper.com\/index.php?rest_route=\/wp\/v2\/types\/product"}],"replies":[{"embeddable":true,"href":"https:\/\/sonomedpaper.com\/index.php?rest_route=%2Fwp%2Fv2%2Fcomments&post=443"}],"wp:featuredmedia":[{"embeddable":true,"href":"https:\/\/sonomedpaper.com\/index.php?rest_route=\/wp\/v2\/media\/395"}],"wp:attachment":[{"href":"https:\/\/sonomedpaper.com\/index.php?rest_route=%2Fwp%2Fv2%2Fmedia&parent=443"}],"curies":[{"name":"wp","href":"https:\/\/api.w.org\/{rel}","templated":true}]}}