{"id":440,"date":"2017-12-05T06:53:28","date_gmt":"2017-12-05T06:53:28","guid":{"rendered":"http:\/\/sonomedpaper.com\/?post_type=product&#038;p=440"},"modified":"2017-12-17T09:17:20","modified_gmt":"2017-12-17T09:17:20","slug":"gel-ecg","status":"publish","type":"product","link":"https:\/\/sonomedpaper.com\/?product=gel-ecg&lang=es","title":{"rendered":"Gel ECG"},"content":{"rendered":"[vc_row type=&#8221;in_container&#8221; full_screen_row_position=&#8221;middle&#8221; scene_position=&#8221;center&#8221; text_color=&#8221;dark&#8221; text_align=&#8221;left&#8221; overlay_strength=&#8221;0.3&#8243;][vc_column column_padding=&#8221;no-extra-padding&#8221; column_padding_position=&#8221;all&#8221; background_color_opacity=&#8221;1&#8243; background_hover_color_opacity=&#8221;1&#8243; column_shadow=&#8221;none&#8221; width=&#8221;1\/1&#8243; tablet_text_alignment=&#8221;default&#8221; phone_text_alignment=&#8221;default&#8221; column_border_width=&#8221;none&#8221; column_border_style=&#8221;solid&#8221;][vc_column_text]\n<p class=\"p1\"><strong><span class=\"s1\">Ventajas<\/span><\/strong><\/p>\n<ul>\n<li>Amigable con la piel<\/li>\n<li>Bacteriost\u00e1tico (reduce el riesgo de contaminaci\u00f3n bacteriana)<\/li>\n<li>Soluble en agua<\/li>\n<li>Se limpia f\u00e1cilmente<\/li>\n<li>Sin olor<\/li>\n<li>No mancha<\/li>\n<li>Libre de alcohol<\/li>\n<li>Dermatol\u00f3gicamente probado<\/li>\n<li>Botella suave y f\u00e1cil de dispensar<\/li>\n<\/ul>\n<p><strong><span class=\"s1\">Unidad de Empaquetado<\/span><\/strong><\/p>\n<ul>\n<li>Dispensador 260G (24 botellas \/ cart\u00f3n)<\/li>\n<li>OEM y personalizaci\u00f3n son bienvenidos<\/li>\n<\/ul>\n[\/vc_column_text][\/vc_column][\/vc_row]\n","protected":false},"excerpt":{"rendered":"<p>El Gel ECG de Sky Gel es un gel ECG a base de agua formulado con una alta conductividad y viscosidad para reducir la fricci\u00f3n durante el proceso del electrocardiograma (ECG) y es capaz de durar incluso a trav\u00e9s de procesos largos. Est\u00e1 dise\u00f1ado para ser capaz de conducir cantidades m\u00ednimas de se\u00f1ales el\u00e9ctricas para lecturas de ECG precisas y exactas.<\/p>\n<p class=\"p1\"><span class=\"s1\">Los ingredientes y conservantes usados en Sky Gel ECG han sido demostrados como seguros y no t\u00f3xicos y han pasado varias pruebas toxicol\u00f3gicas realizadas por evaluadores externos independientes.<\/span><\/p>\n","protected":false},"featured_media":392,"comment_status":"closed","ping_status":"closed","template":"","meta":{"_monsterinsights_skip_tracking":false,"_monsterinsights_sitenote_active":false,"_monsterinsights_sitenote_note":"","_monsterinsights_sitenote_category":0},"yoast_head":"<!-- This site is optimized with the Yoast SEO plugin v14.2 - https:\/\/yoast.com\/wordpress\/plugins\/seo\/ -->\n<title>Gel ECG - Sonomed Paper<\/title>\n<meta name=\"robots\" content=\"index, follow\" \/>\n<meta name=\"googlebot\" content=\"index, follow, max-snippet:-1, max-image-preview:large, max-video-preview:-1\" \/>\n<meta name=\"bingbot\" content=\"index, follow, max-snippet:-1, max-image-preview:large, max-video-preview:-1\" \/>\n<link rel=\"canonical\" href=\"https:\/\/sonomedpaper.com\/?product=gel-ecg&#038;lang=es\" \/>\n<meta property=\"og:locale\" content=\"en_GB\" \/>\n<meta property=\"og:type\" content=\"article\" \/>\n<meta property=\"og:title\" content=\"Gel ECG - Sonomed Paper\" \/>\n<meta property=\"og:description\" content=\"El Gel ECG de Sky Gel es un gel ECG a base de agua formulado con una alta conductividad y viscosidad para reducir la fricci\u00f3n durante el proceso del electrocardiograma (ECG) y es capaz de durar incluso a trav\u00e9s de procesos largos. Est\u00e1 dise\u00f1ado para ser capaz de conducir cantidades m\u00ednimas de se\u00f1ales el\u00e9ctricas para lecturas de ECG precisas y exactas. Los ingredientes y conservantes usados en Sky Gel ECG han sido demostrados como seguros y no t\u00f3xicos y han pasado varias pruebas toxicol\u00f3gicas realizadas por evaluadores externos independientes.\" \/>\n<meta property=\"og:url\" content=\"https:\/\/sonomedpaper.com\/?product=gel-ecg&amp;lang=es\" \/>\n<meta property=\"og:site_name\" content=\"Sonomed Paper\" \/>\n<meta property=\"article:modified_time\" content=\"2017-12-17T09:17:20+00:00\" \/>\n<meta property=\"og:image\" content=\"https:\/\/sonomedpaper.com\/wp-content\/uploads\/2017\/08\/ecg-gel.jpg\" \/>\n\t<meta property=\"og:image:width\" content=\"768\" \/>\n\t<meta property=\"og:image:height\" content=\"768\" \/>\n<meta name=\"twitter:card\" content=\"summary_large_image\" \/>\n<script type=\"application\/ld+json\" class=\"yoast-schema-graph\">{\"@context\":\"https:\/\/schema.org\",\"@graph\":[{\"@type\":\"WebSite\",\"@id\":\"https:\/\/sonomedpaper.com\/#website\",\"url\":\"https:\/\/sonomedpaper.com\/\",\"name\":\"Sonomed Paper\",\"description\":\"Tele-paper\",\"potentialAction\":[{\"@type\":\"SearchAction\",\"target\":\"https:\/\/sonomedpaper.com\/?s={search_term_string}\",\"query-input\":\"required name=search_term_string\"}],\"inLanguage\":\"en-GB\"},{\"@type\":\"ImageObject\",\"@id\":\"https:\/\/sonomedpaper.com\/?product=gel-ecg&lang=es#primaryimage\",\"inLanguage\":\"en-GB\",\"url\":\"https:\/\/sonomedpaper.com\/wp-content\/uploads\/2017\/08\/ecg-gel.jpg\",\"width\":768,\"height\":768},{\"@type\":\"WebPage\",\"@id\":\"https:\/\/sonomedpaper.com\/?product=gel-ecg&lang=es#webpage\",\"url\":\"https:\/\/sonomedpaper.com\/?product=gel-ecg&lang=es\",\"name\":\"Gel ECG - Sonomed Paper\",\"isPartOf\":{\"@id\":\"https:\/\/sonomedpaper.com\/#website\"},\"primaryImageOfPage\":{\"@id\":\"https:\/\/sonomedpaper.com\/?product=gel-ecg&lang=es#primaryimage\"},\"datePublished\":\"2017-12-05T06:53:28+00:00\",\"dateModified\":\"2017-12-17T09:17:20+00:00\",\"inLanguage\":\"en-GB\",\"potentialAction\":[{\"@type\":\"ReadAction\",\"target\":[\"https:\/\/sonomedpaper.com\/?product=gel-ecg&lang=es\"]}]}]}<\/script>\n<!-- \/ Yoast SEO plugin. -->","_links":{"self":[{"href":"https:\/\/sonomedpaper.com\/index.php?rest_route=\/wp\/v2\/product\/440"}],"collection":[{"href":"https:\/\/sonomedpaper.com\/index.php?rest_route=\/wp\/v2\/product"}],"about":[{"href":"https:\/\/sonomedpaper.com\/index.php?rest_route=\/wp\/v2\/types\/product"}],"replies":[{"embeddable":true,"href":"https:\/\/sonomedpaper.com\/index.php?rest_route=%2Fwp%2Fv2%2Fcomments&post=440"}],"wp:featuredmedia":[{"embeddable":true,"href":"https:\/\/sonomedpaper.com\/index.php?rest_route=\/wp\/v2\/media\/392"}],"wp:attachment":[{"href":"https:\/\/sonomedpaper.com\/index.php?rest_route=%2Fwp%2Fv2%2Fmedia&parent=440"}],"curies":[{"name":"wp","href":"https:\/\/api.w.org\/{rel}","templated":true}]}}